 of 28115555 and 596.
149
What is the highest common divisor of 29373344 and 455?
91
What is the highest common divisor of 325 and 453947?
13
Calculate the highest common factor of 4817555 and 310.
155
Calculate the highest common factor of 4579227 and 496.
31
Calculate the highest common factor of 159380850 and 55.
5
Calculate the greatest common factor of 51094840 and 28340.
2180
Calculate the greatest common divisor of 206685886 and 44.
22
Calculate the highest common divisor of 130149215 and 35.
35
What is the greatest common factor of 314437006 and 1014?
338
What is the greatest common factor of 3658 and 62928574?
3658
Calculate the highest common divisor of 1373948463 and 1198.
599
What is the highest common divisor of 5219167 and 76?
19
Calculate the greatest common factor of 41158488 and 168.
168
Calculate the highest common divisor of 1980 and 36174105.
495
Calculate the highest common divisor of 144 and 59180508.
36
Calculate the greatest common divisor of 8225 and 10477240.
235
Calculate the highest common factor of 4244 and 1605244194.
2122
What is the highest common factor of 68 and 325860?
4
Calculate the greatest common factor of 17 and 151483260.
17
What is the greatest common divisor of 6792042 and 634?
634
What is the greatest common factor of 83790 and 776853?
1197
What is the highest common factor of 7940 and 11990988?
1588
Calculate the greatest common divisor of 803 and 243683.
11
What is the greatest common divisor of 4 and 59716?
4
Calculate the highest common factor of 6636922 and 854.
122
What is the greatest common factor of 144 and 115062723?
9
Calculate the greatest common factor of 117 and 3362879.
13
What is the greatest common factor of 301 and 447545?
7
What is the highest common factor of 1168573 and 108003?
973
What is the greatest common factor of 23567763 and 187?
17
What is the highest common factor of 152144664 and 4816?
2408
Calculate the greatest common divisor of 130 and 28158.
26
Calculate the highest common divisor of 12029948 and 15124.
796
What is the highest common divisor of 515575 and 109325?
25
What is the highest common divisor of 24522 and 2251602?
402
What is the highest common factor of 184 and 12170611?
23
What is the highest common factor of 30621179 and 1957?
1957
Calculate the highest common divisor of 805214 and 638.
58
What is the greatest common divisor of 525568 and 304?
16
What is the greatest common divisor of 205407897 and 3126?
1563
Calculate the greatest common divisor of 48 and 1357260.
12
What is the highest common divisor of 211282 and 15496?
298
Calculate the greatest common factor of 23 and 344965201.
23
Calculate the highest common factor of 545718352 and 808.
808
Calculate the greatest common divisor of 2617 and 4793990705.
2617
Calculate the highest common factor of 158170720 and 102.
34
What is the greatest common factor of 463590 and 75245?
505
What is the highest common divisor of 4027951 and 569?
569
What is the greatest common divisor of 620944896 and 16448?
16448
Calculate the greatest common divisor of 2 and 2669613.
1
Calculate the greatest common factor of 338 and 12376702.
26
Calculate the greatest common divisor of 27 and 8880738.
3
What is the greatest common divisor of 58010363 and 19?
19
Calculate the greatest common factor of 4134 and 175331.
13
Calculate the highest common divisor of 2238 and 173703489.
1119
What is the greatest common factor of 228 and 2076250194?
114
What is the highest common divisor of 10499808 and 23?
1
What is the greatest common divisor of 75 and 588435?
15
What is the highest common factor of 432959128 and 1252?
1252
What is the greatest common factor of 341297 and 48829?
253
What is the highest common factor of 24 and 1528345788?
12
What is the highest common factor of 51146165 and 2800?
35
Calculate the greatest common divisor of 1050854 and 91.
7
Calculate the highest common factor of 81519536 and 112.
112
Calculate the highest common divisor of 1707172 and 1348.
4
Calculate the highest common divisor of 22012977 and 2364.
591
What is the greatest common factor of 4342 and 42414326?
334
What is the highest common divisor of 187 and 402171?
11
Calculate the greatest common divisor of 338 and 8160464.
26
What is the highest common factor of 8640 and 500?
20
What is the highest common factor of 880 and 5201120?
80
What is the highest common divisor of 135600 and 234814?
226
Calculate the greatest common factor of 1426544 and 445936.
752
What is the highest common divisor of 3795 and 62391180?
345
Calculate the greatest common divisor of 311505000 and 300.
300
What is the greatest common factor of 20 and 2010970740?
20
Calculate the greatest common factor of 726 and 43812648.
726
What is the highest common factor of 162 and 341520?
6
Calculate the greatest common divisor of 3096 and 144162.
18
Calculate the highest common divisor of 55099 and 3080.
11
What is the greatest common factor of 3702 and 87288841?
617
Calculate the highest common divisor of 3759 and 5576382.
21
Calculate the greatest common divisor of 51144235 and 2270.
1135
What is the highest common divisor of 8055 and 2825820?
45
Calculate the greatest common divisor of 165557810 and 30305.
1595
Calculate the greatest common divisor of 12926538 and 1246.
178
Calculate the greatest common divisor of 25 and 1966205.
5
Calculate the highest common factor of 1122 and 554506.
34
Calculate the highest common divisor of 10186848 and 168.
168
What is the highest common divisor of 61840 and 509840?
80
What is the greatest common divisor of 3104680 and 200?
40
What is the highest common divisor of 146125 and 16?
1
What is the highest common divisor of 77384 and 21416?
8
What is the greatest common divisor of 310 and 39311317?
31
What is the greatest common divisor of 642 and 8965958?
214
What is the greatest common divisor of 4264914 and 1270?
254
Calculate the greatest common factor of 72 and 145889001.
9
Calculate the highest common factor of 129456 and 17227320.
744
Calculate the greatest common divisor of 7537398 and 2288.
22
Calculate the highest common factor of 1418280 and 2280.
120
What is the highest common factor of 12998640 and 84?
12
What is the highest common factor of 1596 and 31619154?
798
Calculate the highest common divisor of 2753474 and 2.
2
What is the greatest common divisor of 18907 and 667366?
511
What is the greatest common divisor of 2160 and 65961000?
1080
Calculate the highest common divisor of 371160 and 527872.
8248
What is the highest common factor of 416960 and 80?
80
What is the highest common factor of 76881 and 59241?
147
What is the highest common divisor of 38131107 and 7932?
1983
Calculate the highest common factor of 256863936 and 36.
12
Calculate the highest common divisor of 21698380 and 15215.
895
What is the highest common divisor of 24889373 and 24738?
589
What is the greatest common factor of 260 and 26799380?
20
Calculate the highest common divisor of 51776647 and 78.
13
What is the highest common factor of 224 and 3841425280?
224
What is the highest common divisor of 9165 and 812695?
65
What is the highest common divisor of 2488167800 and 475?
475
Calculate the highest common divisor of 249153 and 4293.
159
What is the greatest common factor of 50915 and 233220650?
2995
Calculate the highest common divisor of 6471620 and 17120.
20
Calculate the highest common divisor of 1166368 and 185801.
889
What is the greatest common factor of 2970 and 13403610?
2970
Calculate the greatest common factor of 28544 and 883.
1
Calculate the greatest common factor of 1267 and 4713142.
7
What is the greatest common divisor of 304536 and 312?
24
What is the greatest common factor of 4563993 and 63?
21
Calculate the greatest common factor of 1100406 and 761.
761
What is the highest common factor of 12481136 and 58?
58
Calculate the highest common factor of 768040 and 5740.
140
What is the greatest common factor of 126 and 2278563?
21
Calculate the highest common divisor of 4265 and 199.
1
What is the highest common factor of 79270101 and 237?
237
What is the highest common factor of 87 and 4627464?
3
Calculate the highest common factor of 32634 and 8088822.
882
Calculate the greatest common factor of 1775564 and 26264.
196
What is the highest commo